{"id":125,"date":"2025-09-12T13:34:34","date_gmt":"2025-09-12T11:34:34","guid":{"rendered":"https:\/\/trachtenkapelle-butschbach-hesselbach.de\/?page_id=125"},"modified":"2026-02-03T20:05:21","modified_gmt":"2026-02-03T19:05:21","slug":"blockfloeten-und-glockenspiel","status":"publish","type":"page","link":"https:\/\/trachtenkapelle-butschbach-hesselbach.de\/?page_id=125","title":{"rendered":"Blockfl\u00f6ten und Glockenspiel"},"content":{"rendered":"\n<h3 class=\"wp-block-heading\">Blockfl\u00f6ten und Glockenspiel<\/h3>\n\n\n\n<p>Musikalische Fr\u00fcherziehung erm\u00f6glicht Kindern einen leichten und spielerischen Einstieg in die Welt der Musik. <br>Die Trachtenkapelle bietet regelm\u00e4\u00dfig Unterricht\u00a0f\u00fcr Blockfl\u00f6ten und f\u00fcr Glockenspiel &amp; Rhythmus an. \u00a0<br>Hier werden Grundlagen f\u00fcr eine sp\u00e4tere Ausbildung an einem Instrument vermittelt.<\/p>\n\n\n\n<p>Ziel ist es, den <strong>Kindern<\/strong> zwischen <strong>ca. f\u00fcnf und acht Jahren (fr\u00fchestens ab dem letzten Kindergartenjahr)<\/strong> den Spa\u00df am Musizieren zu vermitteln und Musikalit\u00e4t und Kreativit\u00e4t zu f\u00f6rdern.<\/p>\n\n\n\n<p>Wir unterrichten je nach Gruppengr\u00f6\u00dfe in Unterrichtseinheiten zwischen 20-45 Minuten. <br>Unterrichtszeit nach Absprache in Oberkirch oder Hesselbach.<\/p>\n\n\n\n<p><strong>Anmeldung<\/strong>:   jugend@trachtenkapelle-butschbach-hesselbach.de<\/p>\n","protected":false},"excerpt":{"rendered":"<p>Blockfl\u00f6ten und Glockenspiel Musikalische Fr\u00fcherziehung erm\u00f6glicht Kindern einen leichten und spielerischen Einstieg in die Welt der Musik. Die Trachtenkapelle bietet regelm\u00e4\u00dfig Unterricht\u00a0f\u00fcr Blockfl\u00f6ten und f\u00fcr Glockenspiel &amp; Rhythmus an. \u00a0Hier werden Grundlagen f\u00fcr eine sp\u00e4tere Ausbildung an einem Instrument vermittelt. Ziel ist es, den Kindern zwischen ca. f\u00fcnf und acht Jahren (fr\u00fchestens ab dem letzten [&hellip;]<\/p>\n","protected":false},"author":2,"featured_media":0,"parent":0,"menu_order":0,"comment_status":"closed","ping_status":"closed","template":"","meta":{"footnotes":""},"class_list":["post-125","page","type-page","status-publish","hentry"],"_links":{"self":[{"href":"https:\/\/trachtenkapelle-butschbach-hesselbach.de\/index.php?rest_route=\/wp\/v2\/pages\/125","targetHints":{"allow":["GET"]}}],"collection":[{"href":"https:\/\/trachtenkapelle-butschbach-hesselbach.de\/index.php?rest_route=\/wp\/v2\/pages"}],"about":[{"href":"https:\/\/trachtenkapelle-butschbach-hesselbach.de\/index.php?rest_route=\/wp\/v2\/types\/page"}],"author":[{"embeddable":true,"href":"https:\/\/trachtenkapelle-butschbach-hesselbach.de\/index.php?rest_route=\/wp\/v2\/users\/2"}],"replies":[{"embeddable":true,"href":"https:\/\/trachtenkapelle-butschbach-hesselbach.de\/index.php?rest_route=%2Fwp%2Fv2%2Fcomments&post=125"}],"version-history":[{"count":4,"href":"https:\/\/trachtenkapelle-butschbach-hesselbach.de\/index.php?rest_route=\/wp\/v2\/pages\/125\/revisions"}],"predecessor-version":[{"id":293,"href":"https:\/\/trachtenkapelle-butschbach-hesselbach.de\/index.php?rest_route=\/wp\/v2\/pages\/125\/revisions\/293"}],"wp:attachment":[{"href":"https:\/\/trachtenkapelle-butschbach-hesselbach.de\/index.php?rest_route=%2Fwp%2Fv2%2Fmedia&parent=125"}],"curies":[{"name":"wp","href":"https:\/\/api.w.org\/{rel}","templated":true}]}}