{"id":178,"date":"2025-10-28T09:46:29","date_gmt":"2025-10-28T08:46:29","guid":{"rendered":"https:\/\/trachtenkapelle-butschbach-hesselbach.de\/?page_id=178"},"modified":"2026-02-03T16:14:31","modified_gmt":"2026-02-03T15:14:31","slug":"auftritte-und-feste","status":"publish","type":"page","link":"https:\/\/trachtenkapelle-butschbach-hesselbach.de\/?page_id=178","title":{"rendered":"Passive Mitgliedschaft \/ Spenden"},"content":{"rendered":"\n<p>Wir freuen uns auf alle neuen passiven Mitglieder und bedanken uns bei unseren bestehenden passiven Mitgliedern f\u00fcr die langj\u00e4hrige Treue und Verbundenheit zur Trachtenkapelle Butschbach-Hesselbach. Unser j\u00e4hrlicher passiver Mitgliedsbeitrag betr\u00e4gt EUR 15,00 <br><br>Als passives Mitglied erhalten sie regelm\u00e4\u00dfig unsere Vereinspost. <br>Auf Anfrage spielen wir gerne zu Ihren runden Geburtstagen, Hochzeiten, Jubil\u00e4en und sonstigen Anl\u00e4ssen.<br><br>Gerne k\u00f6nnen sie uns auch mit einer einmaligen Spende zweckgebunden oder allgemein ab EUR 15,00 (Spendenbescheinigung) unterst\u00fczen. <br>Wenden sie sich hierzu bitte an unserer Kassierin Katharina Sester. <\/p>\n\n\n\n<p>Folgende <strong>Beitrittserkl\u00e4rung f\u00fcr Passive Mitgliedschaft<\/strong> k\u00f6nnen sie gerne ausgef\u00fcllt per Post oder e-mail schicken an:<br><strong>Katharina Sester, Hauptstra\u00dfe 53, 77704 Oberkirch<\/strong><br><strong>Tel. 0178 \/ 8096999<br>E-Mail: kassierer@trachtenkapelle-butschbach-hesselbach.de<\/strong><\/p>\n\n\n\n<div data-wp-interactive=\"core\/file\" class=\"wp-block-file\"><object data-wp-bind--hidden=\"!state.hasPdfPreview\" hidden class=\"wp-block-file__embed\" data=\"https:\/\/trachtenkapelle-butschbach-hesselbach.de\/wp-content\/uploads\/2026\/02\/BeitrErklaerung-TKBH-PASSIV.pdf\" type=\"application\/pdf\" style=\"width:100%;height:600px\" aria-label=\"Einbettung von BeitrErklaerung TKBH PASSIV.\"><\/object><a id=\"wp-block-file--media-d738b19c-b1e7-4196-ab3a-c668a92a251a\" href=\"https:\/\/trachtenkapelle-butschbach-hesselbach.de\/wp-content\/uploads\/2026\/02\/BeitrErklaerung-TKBH-PASSIV.pdf\">BeitrErklaerung TKBH PASSIV<\/a><a href=\"https:\/\/trachtenkapelle-butschbach-hesselbach.de\/wp-content\/uploads\/2026\/02\/BeitrErklaerung-TKBH-PASSIV.pdf\" class=\"wp-block-file__button wp-element-button\" download aria-describedby=\"wp-block-file--media-d738b19c-b1e7-4196-ab3a-c668a92a251a\">Herunterladen<\/a><\/div>\n\n\n\n<p><\/p>\n","protected":false},"excerpt":{"rendered":"<p>Wir freuen uns auf alle neuen passiven Mitglieder und bedanken uns bei unseren bestehenden passiven Mitgliedern f\u00fcr die langj\u00e4hrige Treue und Verbundenheit zur Trachtenkapelle Butschbach-Hesselbach. Unser j\u00e4hrlicher passiver Mitgliedsbeitrag betr\u00e4gt EUR 15,00 Als passives Mitglied erhalten sie regelm\u00e4\u00dfig unsere Vereinspost. Auf Anfrage spielen wir gerne zu Ihren runden Geburtstagen, Hochzeiten, Jubil\u00e4en und sonstigen Anl\u00e4ssen. Gerne [&hellip;]<\/p>\n","protected":false},"author":2,"featured_media":0,"parent":0,"menu_order":0,"comment_status":"closed","ping_status":"closed","template":"","meta":{"footnotes":""},"class_list":["post-178","page","type-page","status-publish","hentry"],"_links":{"self":[{"href":"https:\/\/trachtenkapelle-butschbach-hesselbach.de\/index.php?rest_route=\/wp\/v2\/pages\/178","targetHints":{"allow":["GET"]}}],"collection":[{"href":"https:\/\/trachtenkapelle-butschbach-hesselbach.de\/index.php?rest_route=\/wp\/v2\/pages"}],"about":[{"href":"https:\/\/trachtenkapelle-butschbach-hesselbach.de\/index.php?rest_route=\/wp\/v2\/types\/page"}],"author":[{"embeddable":true,"href":"https:\/\/trachtenkapelle-butschbach-hesselbach.de\/index.php?rest_route=\/wp\/v2\/users\/2"}],"replies":[{"embeddable":true,"href":"https:\/\/trachtenkapelle-butschbach-hesselbach.de\/index.php?rest_route=%2Fwp%2Fv2%2Fcomments&post=178"}],"version-history":[{"count":7,"href":"https:\/\/trachtenkapelle-butschbach-hesselbach.de\/index.php?rest_route=\/wp\/v2\/pages\/178\/revisions"}],"predecessor-version":[{"id":274,"href":"https:\/\/trachtenkapelle-butschbach-hesselbach.de\/index.php?rest_route=\/wp\/v2\/pages\/178\/revisions\/274"}],"wp:attachment":[{"href":"https:\/\/trachtenkapelle-butschbach-hesselbach.de\/index.php?rest_route=%2Fwp%2Fv2%2Fmedia&parent=178"}],"curies":[{"name":"wp","href":"https:\/\/api.w.org\/{rel}","templated":true}]}}